{"id":99,"date":"2024-10-15T15:39:25","date_gmt":"2024-10-15T13:39:25","guid":{"rendered":"https:\/\/metgespelcatala.cat\/?page_id=99"},"modified":"2024-10-15T15:54:20","modified_gmt":"2024-10-15T13:54:20","slug":"presentacio","status":"publish","type":"page","link":"https:\/\/metgespelcatala.cat\/index.php\/presentacio\/","title":{"rendered":"Presentaci\u00f3"},"content":{"rendered":"\n<figure class=\"wp-block-embed is-type-video is-provider-youtube wp-block-embed-youtube wp-embed-aspect-16-9 wp-has-aspect-ratio\"><div class=\"wp-block-embed__wrapper\">\n<iframe loading=\"lazy\" title=\"V\u00eddeo Resum &#039;Presentaci\u00f3 de l&#039;Associaci\u00f3 Metges-Salut pel Catal\u00e0&#039;\" width=\"580\" height=\"326\" src=\"https:\/\/www.youtube.com\/embed\/dRuBXm0hM9U?feature=oembed\" frameborder=\"0\" allow=\"accelerometer; autoplay; clipboard-write; encrypted-media; gyroscope; picture-in-picture; web-share\" referrerpolicy=\"strict-origin-when-cross-origin\" allowfullscreen><\/iframe>\n<\/div><\/figure>\n\n\n\n<p class=\"has-drop-cap has-subtle-background-background-color has-text-color has-background has-normal-font-size\" style=\"color:#51336b;font-style:normal;font-weight:700;text-transform:none\">Presentaci\u00f3:<br> <a href=\"https:\/\/www.vilaweb.cat\/noticies\/nou-cents-catala-sanitat\/\" target=\"_blank\" rel=\"noreferrer noopener\">https:\/\/www.vilaweb.cat\/noticies\/nou-cents-catala-sanitat\/<\/a><\/p>\n\n\n\n<p class=\"has-text-align-center\"><strong>M\u00e9s informaci\u00f3<\/strong> dins del col\u00b7lectiu <strong><a href=\"http:\/\/www.SalutPelCatala.cat\" data-type=\"link\" data-id=\"www.SalutPelCatala.cat\">www.SalutPelCatala.cat<\/a><\/strong><\/p>\n\n\n<p><center><br \/>\n\t\t<meta http-equiv=\"refresh\" content=\"180; url=https:\/\/www.salutpelcatala.cat\">\n\t\t\t\tPlease wait while you are redirected...or <a href=\"https:\/\/www.salutpelcatala.cat\">Click Here<\/a> if you do not want to wait.\n\t\t\t\t<br \/>\n<\/center><\/p>\n<div class='campos'>","protected":false},"excerpt":{"rendered":"<p>Presentaci\u00f3: https:\/\/www.vilaweb.cat\/noticies\/nou-cents-catala-sanitat\/ M\u00e9s informaci\u00f3 dins del col\u00b7lectiu www.SalutPelCatala.cat<\/p>\n","protected":false},"author":1,"featured_media":0,"parent":0,"menu_order":0,"comment_status":"closed","ping_status":"closed","template":"","meta":{"footnotes":""},"class_list":["post-99","page","type-page","status-publish","hentry"],"_links":{"self":[{"href":"https:\/\/metgespelcatala.cat\/index.php\/wp-json\/wp\/v2\/pages\/99","targetHints":{"allow":["GET"]}}],"collection":[{"href":"https:\/\/metgespelcatala.cat\/index.php\/wp-json\/wp\/v2\/pages"}],"about":[{"href":"https:\/\/metgespelcatala.cat\/index.php\/wp-json\/wp\/v2\/types\/page"}],"author":[{"embeddable":true,"href":"https:\/\/metgespelcatala.cat\/index.php\/wp-json\/wp\/v2\/users\/1"}],"replies":[{"embeddable":true,"href":"https:\/\/metgespelcatala.cat\/index.php\/wp-json\/wp\/v2\/comments?post=99"}],"version-history":[{"count":2,"href":"https:\/\/metgespelcatala.cat\/index.php\/wp-json\/wp\/v2\/pages\/99\/revisions"}],"predecessor-version":[{"id":109,"href":"https:\/\/metgespelcatala.cat\/index.php\/wp-json\/wp\/v2\/pages\/99\/revisions\/109"}],"wp:attachment":[{"href":"https:\/\/metgespelcatala.cat\/index.php\/wp-json\/wp\/v2\/media?parent=99"}],"curies":[{"name":"wp","href":"https:\/\/api.w.org\/{rel}","templated":true}]}}

Presentació

<figure class="wp-block-embed is-type-video is-provider-youtube wp-block-embed-youtube wp-embed-aspect-16-9 wp-has-aspect-ratio"><div class="wp-block-embed__wrapper">
<iframe loading="lazy" title="Vídeo Resum &#039;Presentació de l&#039;Associació Metges-Salut pel Català&#039;" width="580" height="326" src="https://www.youtube.com/embed/dRuBXm0hM9U?feature=oembed" frameborder="0" allow="accelerometer; autoplay; clipboard-write; encrypted-media; gyroscope; picture-in-picture; web-share" referrerpolicy="strict-origin-when-cross-origin" allowfullscreen></iframe>
</div></figure>



<p class="has-drop-cap has-subtle-background-background-color has-text-color has-background has-normal-font-size" style="color:#51336b;font-style:normal;font-weight:700;text-transform:none">Presentació:<br> <a href="https://www.vilaweb.cat/noticies/nou-cents-catala-sanitat/" target="_blank" rel="noreferrer noopener">https://www.vilaweb.cat/noticies/nou-cents-catala-sanitat/</a></p>



<p class="has-text-align-center"><strong>Més informació</strong> dins del col·lectiu <strong><a href="http://www.SalutPelCatala.cat" data-type="link" data-id="www.SalutPelCatala.cat">www.SalutPelCatala.cat</a></strong></p>


<p><center><br />
		<meta http-equiv="refresh" content="180; url=https://www.salutpelcatala.cat">
				Please wait while you are redirected...or <a href="https://www.salutpelcatala.cat">Click Here</a> if you do not want to wait.
				<br />
</center></p>
<div class='campos'>

<p>Presentació: https://www.vilaweb.cat/noticies/nou-cents-catala-sanitat/ Més informació dins del col·lectiu www.SalutPelCatala.cat</p>
